hundreds digit of 1093?
0
What is the tens digit of 1709?
0
What is the hundreds digit of 24823?
8
What is the units digit of 3102?
2
What is the hundreds digit of 14155?
1
What is the ten thousands digit of 74513?
7
What is the units digit of 105?
5
What is the tens digit of 3015?
1
What is the units digit of 35008?
8
What is the tens digit of 32352?
5
What is the ten thousands digit of 118917?
1
What is the units digit of 1658?
8
What is the tens digit of 1612?
1
What is the hundreds digit of 1948?
9
What is the units digit of 6287?
7
What is the tens digit of 672?
7
What is the ten thousands digit of 131609?
3
What is the hundreds digit of 1676?
6
What is the tens digit of 2171?
7
What is the units digit of 98458?
8
What is the units digit of 24343?
3
What is the hundreds digit of 1067?
0
What is the hundreds digit of 139708?
7
What is the hundreds digit of 17068?
0
What is the units digit of 12705?
5
What is the units digit of 11597?
7
What is the thousands digit of 2722?
2
What is the thousands digit of 1021?
1
What is the units digit of 1110?
0
What is the hundreds digit of 8943?
9
What is the tens digit of 3908?
0
What is the units digit of 394?
4
What is the hundreds digit of 43230?
2
What is the ten thousands digit of 15822?
1
What is the units digit of 136852?
2
What is the ten thousands digit of 89080?
8
What is the thousands digit of 1382?
1
What is the hundreds digit of 578?
5
What is the ten thousands digit of 60954?
6
What is the hundreds digit of 3679?
6
What is the hundreds digit of 50756?
7
What is the tens digit of 1488?
8
What is the tens digit of 32103?
0
What is the units digit of 8251?
1
What is the units digit of 941?
1
What is the tens digit of 275?
7
What is the tens digit of 1545?
4
What is the hundreds digit of 10932?
9
What is the thousands digit of 9459?
9
What is the units digit of 509?
9
What is the units digit of 87?
7
What is the thousands digit of 5494?
5
What is the hundreds digit of 853?
8
What is the tens digit of 31738?
3
What is the hundreds digit of 279?
2
What is the tens digit of 4490?
9
What is the units digit of 7359?
9
What is the units digit of 44121?
1
What is the tens digit of 4796?
9
What is the hundreds digit of 1407?
4
What is the units digit of 746?
6
What is the tens digit of 9122?
2
What is the thousands digit of 3659?
3
What is the units digit of 1138?
8
What is the hundreds digit of 20541?
5
What is the hundreds digit of 2421?
4
What is the hundreds digit of 39791?
7
What is the tens digit of 761?
6
What is the units digit of 4321?
1
What is the ten thousands digit of 35694?
3
What is the thousands digit of 13679?
3
What is the hundreds digit of 5442?
4
What is the tens digit of 28496?
9
What is the hundreds digit of 8405?
4
What is the thousands digit of 4099?
4
What is the thousands digit of 1489?
1
What is the tens digit of 16702?
0
What is the hundreds digit of 140?
1
What is the tens digit of 7728?
2
What is the hundreds digit of 23709?
7
What is the hundreds digit of 1137?
1
What is the thousands digit of 27343?
7
What is the thousands digit of 40882?
0
What is the units digit of 4412?
2
What is the tens digit of 11248?
4
What is the hundreds digit of 514?
5
What is the tens digit of 281?
8
What is the tens digit of 8025?
2
What is the thousands digit of 2139?
2
What is the ten thousands digit of 53237?
5
What is the units digit of 4216?
6
What is the tens digit of 340?
4
What is the units digit of 1154?
4
What is the ten thousands digit of 22057?
2
What is the tens digit of 55?
5
What is the hundreds digit of 2394?
3
What is the thousands digit of 1300?
1
What is the units digit of 22?
2
What is the tens digit of 54092?
9
What is the tens digit of 4676?
7
What is the thousands digit of 48181?
8
What is the hundreds digit of 82551?
5
What is the hundreds digit of 150612?
6
What is the units digit of 4311?
1
What is the ten thousands digit of 12774?
1
What is the thousands digit of 21947?
1
What is the hundreds digit of 6652?
6
What is the units digit of 1018?
8
What is the units digit of 9946?
6
What is the tens digit of 1533?
3
What is the units digit of 68147?
7
What is the thousands digit of 31489?
1
What is the ten thousands digit of 54173?
5
What is the tens digit of 2235?
3
What is the hundreds digit of 6303?
3
What is the tens digit of 3844?
4
What is the ten thousands digit of 15534?
1
What is the thousands digit of 59282?
9
What is the units digit of 1302?
2
What is the tens digit of 2582?
8
What is the tens digit of 809?
0
What is the thousands digit of 29284?
9
What is the units digit of 1837?
7
What is the tens digit of 193?
9
What is the units digit of 25571?
1
What is the ten thousands digit of 23728?
2
What is the units digit of 8053?
3
What is the tens digit of 50?
5
What is the units digit of 8914?
4
What is the units digit of 2094?
4
What is the tens digit of 20037?
3
What is the thousands digit of 4865?
4
What is the tens digit of 4767?
6
What is the hundreds digit of 15067?
0
What is the tens digit of 1775?
7
What is the thousands digit of 1342?
1
What is the units digit of 16664?
4
What is the hundreds digit of 5193?
1
What is the ten thousands digit of 19397?
1
What is the thousands digit of 55671?
5
What is the tens digit of 129406?
0
What is the hundreds digit of 68928?
9
What is the tens digit of 4143?
4
What is the ten thousands digit of 56526?
5
What is the units digit of 6988?
8
What is the units digit of 359?
9
What is the hundreds digit of 14446?
4
What is the ten thousands digit of 49172?
4
What is the thousands digit of 19920?
9
What is the tens digit of 1128?
2
What is the hundreds digit of 17203?
2
What is the tens digit of 35882?
8
What is the hundreds digit of 161?
1
What is the tens digit of 3367?
6
What is the thousands digit of 18362?
8
What is the ten thousands digit of 33926?
3
What is the units digit of 3499?
9
What is the tens digit of 1389?
8
What is the tens digit of 3752?
5
What is the units digit of 3162?
2
What is the units digit of 3252?
2
What is the hundreds digit of 1276?
2
What is the units digit of 141397?
7
What is the thousands digit of 183482?
3
What is the hundreds digit of 12355?
3
What is the ten thousands digit of 10261?
1
What is the tens digit of 2475?
7
What is the units digit of 264?
4
What is the tens digit of 314?
1
What is the hundreds digit of 981?
9
What is the hundreds digit of 7377?
3
What is the hundreds digit of 10380?
3
What is the tens digit of 760?
6
What is the units digit of 1485?
5
What is the tens digit of 680?
8
What is the units digit of 12769?
9
What is the hundreds digit of 367?
3
What is the tens digit of 105?
0
What is the hundreds digit of 1561?
5
What is the units digit of 7493?
3
What is the hundreds digit of 5489?
4
What is the hundreds digit of 19651?
6
What is the hundreds digit of 1774?
7
What is the units digit of 1971?
1
What is the ten thousands digit of 61812?
6
What is the units digit of 13762?
2
What is the thousands digit of 1008?
1
What is the units digit of 62672?
2
What is the units digit of 2018?
8
What is the tens digit of 1665?
6
What is the tens digit of 3305?
0
What is the thousands digit of 5716?
5
What is the ten thousands digit of 22274?
2
What is the tens digit of 1990?
9
What is the thousands digit of 8129?
8
What is the units digit of 3450?
0
What is the hundreds digit of 153926?
9
What is the units digit of 7817?
7
What is the thousands digit of 19429?
9
What is the tens digit of 482?
8
What is the thousands digit of 15293?
5
What is the units digit of 6863?
3
What is the ten thousands digit of 69572?
6
What is the tens digit of 22611?
1
What is the tens digit of 2188?
8
What is the ten thousands digit of 16243?
1
What is the hundreds digit of 2463?
4
What is the hundreds digit of 1030?
0
What is the hundreds digit of 1229?
2
What is the hundreds digit of 11363?
3
What is the units digit of 128482?
2
What is the ten thousands digit of 49677?
4
What is the thousands digit of 6754?
6
What is the tens digit of 23768?
6
What is the hundreds digit of 15005?
0
What is the tens digit of 4294?
9
What is the tens digit of 601?
0
What is the units digit of 3838?
8
What is the hundreds digit of 52078?
0
What is the thousands digit of 12570?
2
What is the tens digit of 2208?